digit of 358629?
8
What is the tens digit of 577518?
1
What is the millions digit of 4181009?
4
What is the hundreds digit of 770946?
9
What is the tens digit of 855594?
9
What is the hundred thousands digit of 389110?
3
What is the hundreds digit of 958607?
6
What is the millions digit of 7573742?
7
What is the tens digit of 9741706?
0
What is the hundreds digit of 16881?
8
What is the tens digit of 581421?
2
What is the hundreds digit of 602861?
8
What is the ten millions digit of 26033641?
2
What is the thousands digit of 858223?
8
What is the ten thousands digit of 91597?
9
What is the ten thousands digit of 504065?
0
What is the hundred thousands digit of 579438?
5
What is the millions digit of 30090469?
0
What is the ten thousands digit of 353077?
5
What is the millions digit of 3393440?
3
What is the millions digit of 2487049?
2
What is the ten thousands digit of 389995?
8
What is the units digit of 138825?
5
What is the hundred thousands digit of 306930?
3
What is the tens digit of 11274923?
2
What is the tens digit of 8332468?
6
What is the thousands digit of 2573059?
3
What is the ten thousands digit of 6572811?
7
What is the tens digit of 7201945?
4
What is the thousands digit of 3490921?
0
What is the tens digit of 11596716?
1
What is the ten thousands digit of 7984499?
8
What is the millions digit of 24217904?
4
What is the hundred thousands digit of 1477494?
4
What is the tens digit of 80387?
8
What is the millions digit of 2282767?
2
What is the hundreds digit of 230363?
3
What is the tens digit of 24036170?
7
What is the hundred thousands digit of 1071588?
0
What is the thousands digit of 3947223?
7
What is the thousands digit of 98889?
8
What is the tens digit of 501743?
4
What is the ten thousands digit of 31727?
3
What is the ten thousands digit of 2343890?
4
What is the ten thousands digit of 217410?
1
What is the thousands digit of 48872?
8
What is the hundreds digit of 8453489?
4
What is the ten thousands digit of 4653204?
5
What is the millions digit of 7916639?
7
What is the hundreds digit of 1865501?
5
What is the hundred thousands digit of 5883655?
8
What is the tens digit of 2760987?
8
What is the hundreds digit of 54480?
4
What is the millions digit of 21830201?
1
What is the ten thousands digit of 12820258?
2
What is the millions digit of 9923204?
9
What is the millions digit of 22812766?
2
What is the millions digit of 19209743?
9
What is the hundreds digit of 12116503?
5
What is the hundreds digit of 12434184?
1
What is the hundred thousands digit of 1350165?
3
What is the ten thousands digit of 17058?
1
What is the ten thousands digit of 2149678?
4
What is the ten thousands digit of 305432?
0
What is the units digit of 4713038?
8
What is the millions digit of 3631660?
3
What is the thousands digit of 582367?
2
What is the units digit of 20256?
6
What is the tens digit of 2011747?
4
What is the ten thousands digit of 206271?
0
What is the units digit of 322295?
5
What is the millions digit of 14830984?
4
What is the tens digit of 4276234?
3
What is the thousands digit of 1441912?
1
What is the hundred thousands digit of 2685056?
6
What is the hundreds digit of 7463589?
5
What is the millions digit of 30564096?
0
What is the units digit of 194298?
8
What is the millions digit of 11113386?
1
What is the hundred thousands digit of 3391764?
3
What is the tens digit of 768405?
0
What is the thousands digit of 5005979?
5
What is the hundred thousands digit of 5296271?
2
What is the hundreds digit of 634732?
7
What is the millions digit of 3164351?
3
What is the tens digit of 26096889?
8
What is the thousands digit of 7251535?
1
What is the thousands digit of 9177982?
7
What is the units digit of 1540413?
3
What is the hundred thousands digit of 2183644?
1
What is the tens digit of 431807?
0
What is the hundreds digit of 834460?
4
What is the tens digit of 283256?
5
What is the tens digit of 3730728?
2
What is the thousands digit of 1658696?
8
What is the ten thousands digit of 2074415?
7
What is the millions digit of 6164253?
6
What is the thousands digit of 991959?
1
What is the thousands digit of 254132?
4
What is the hundreds digit of 10414608?
6
What is the thousands digit of 1705541?
5
What is the millions digit of 7236609?
7
What is the ten thousands digit of 17516949?
1
What is the tens digit of 1223557?
5
What is the ten thousands digit of 14797251?
9
What is the millions digit of 1270151?
1
What is the tens digit of 625989?
8
What is the tens digit of 1097857?
5
What is the ten thousands digit of 723467?
2
What is the hundreds digit of 613782?
7
What is the tens digit of 4598469?
6
What is the units digit of 1423778?
8
What is the thousands digit of 3965968?
5
What is the millions digit of 9352725?
9
What is the ten thousands digit of 313604?
1
What is the units digit of 782235?
5
What is the ten thousands digit of 6411955?
1
What is the tens digit of 1529968?
6
What is the thousands digit of 17753045?
3
What is the hundreds digit of 214439?
4
What is the millions digit of 9346149?
9
What is the hundreds digit of 74137?
1
What is the hundreds digit of 97619?
6
What is the ten thousands digit of 60654?
6
What is the units digit of 39960?
0
What is the units digit of 346493?
3
What is the thousands digit of 184563?
4
What is the thousands digit of 13948260?
8
What is the ten thousands digit of 203925?
0
What is the tens digit of 24088955?
5
What is the thousands digit of 1220895?
0
What is the thousands digit of 466644?
6
What is the tens digit of 735791?
9
What is the tens digit of 3717927?
2
What is the thousands digit of 1303057?
3
What is the hundred thousands digit of 2390561?
3
What is the units digit of 413949?
9
What is the ten thousands digit of 1364454?
6
What is the ten thousands digit of 353867?
5
What is the hundred thousands digit of 2104371?
1
What is the ten thousands digit of 16305150?
0
What is the millions digit of 4835862?
4
What is the hundreds digit of 8525053?
0
What is the hundred thousands digit of 1446466?
4
What is the hundreds digit of 3582403?
4
What is the hundred thousands digit of 7052166?
0
What is the ten thousands digit of 49534?
4
What is the units digit of 221684?
4
What is the hundreds digit of 2606212?
2
What is the hundred thousands digit of 137475?
1
What is the hundreds digit of 3682703?
7
What is the hundreds digit of 199762?
7
What is the thousands digit of 4221989?
1
What is the thousands digit of 81628?
1
What is the tens digit of 1959557?
5
What is the ten thousands digit of 201610?
0
What is the hundred thousands digit of 666823?
6
What is the hundred thousands digit of 447299?
4
What is the tens digit of 288464?
6
What is the units digit of 1680191?
1
What is the thousands digit of 148410?
8
What is the units digit of 75939?
9
What is the tens digit of 16052876?
7
What is the thousands digit of 50085?
0
What is the units digit of 1802606?
6
What is the tens digit of 7930242?
4
What is the units digit of 450192?
2
What is the hundred thousands digit of 215091?
2
What is the hundreds digit of 340159?
1
What is the hundreds digit of 247723?
7
What is the units digit of 67237?
7
What is the tens digit of 124472?
7
What is the hundreds digit of 214938?
9
What is the tens digit of 176179?
7
What is the hundred thousands digit of 670451?
6
What is the hundreds digit of 1140858?
8
What is the ten thousands digit of 313036?
1
What is the tens digit of 3254655?
5
What is the hundred thousands digit of 2320130?
3
What is the units digit of 530337?
7
What is the hundred thousands digit of 211574?
2
What is the tens digit of 3031766?
6
What is the hundred thousands digit of 851768?
8
What is the units digit of 4562584?
4
What is the units digit of 83090?
0
What is the thousands digit of 3504070?
4
What is the ten thousands digit of 19026723?
2
What is the millions digit of 12233607?
2
What is the ten thousands digit of 1697197?
9
What is the hundred thousands digit of 22524361?
5
What is the tens digit of 82863?
6
What is the thousands digit of 1832865?
2
What is the millions digit of 1753639?
1
What is the units digit of 66257?
7
What is the thousands digit of 346613?
6
What is the hundreds digit of 6951268?
2
What is the tens digit of 1432552?
5
What is the tens digit o